rue
Is 7530 a multiple of 110?
False
Is 49 a factor of 8302?
False
Is 72977 a multiple of 20?
False
Is 18 a factor of 3744?
True
Is 13 a factor of 34979?
False
Is 2040 a multiple of 26?
False
Is 484 a multiple of 11?
True
Does 262 divide 23580?
True
Is 12 a factor of 12?
True
Is 8 a factor of 46808?
True
Does 14 divide 486?
False
Is 25 a factor of 1799?
False
Is 9 a factor of 4612?
False
Does 34 divide 1371?
False
Is 35733 a multiple of 277?
True
Is 4 a factor of 35?
False
Does 22 divide 1015?
False
Does 134 divide 15832?
False
Does 20 divide 59160?
True
Is 4 a factor of 1713?
False
Does 13 divide 377?
True
Is 8 a factor of 21256?
True
Is 55 a factor of 1643?
False
Is 5 a factor of 2256?
False
Is 24 a factor of 216?
True
Does 7 divide 933?
False
Is 26 a factor of 50?
False
Is 23 a factor of 736?
True
Is 40 a factor of 531?
False
Is 544 a multiple of 32?
True
Does 136 divide 952?
True
Is 208 a multiple of 2?
True
Is 25926 a multiple of 87?
True
Is 1558 a multiple of 19?
True
Does 37 divide 4847?
True
Does 153 divide 4896?
True
Does 16 divide 672?
True
Is 1481 a multiple of 96?
False
Is 5452 a multiple of 6?
False
Is 153 a multiple of 6?
False
Is 55 a factor of 5889?
False
Does 7 divide 16762?
False
Is 87 a factor of 8932?
False
Is 27 a factor of 264?
False
Does 23 divide 2496?
False
Is 18513 a multiple of 9?
True
Is 19989 a multiple of 32?
False
Is 6 a factor of 3599?
False
Is 10620 a multiple of 30?
True
Does 18 divide 581?
False
Is 4288 a multiple of 7?
False
Does 120 divide 23040?
True
Is 3390 a multiple of 6?
True
Is 2910 a multiple of 15?
True
Does 26 divide 1014?
True
Is 23860 a multiple of 10?
True
Does 47 divide 3861?
False
Does 20 divide 20696?
False
Is 77 a factor of 2387?
True
Is 2040 a multiple of 51?
True
Is 16607 a multiple of 84?
False
Does 10 divide 280?
True
Does 2 divide 221?
False
Is 81403 a multiple of 29?
True
Is 133 a factor of 45006?
False
Is 36 a factor of 269?
False
Does 285 divide 48424?
False
Does 11 divide 1161?
False
Does 7 divide 294?
True
Is 864 a multiple of 7?
False
Is 85 even?
False
Is 3507 a multiple of 21?
True
Is 12 a factor of 367?
False
Is 225 a factor of 90000?
True
Does 29 divide 201?
False
Is 62 a factor of 19299?
False
Does 8 divide 254?
False
Is 59 a factor of 5518?
False
Is 131 a factor of 59605?
True
Does 71 divide 5317?
False
Is 6090 a multiple of 14?
True
Is 52 a factor of 1508?
True
Is 2392 a multiple of 23?
True
Does 7 divide 262?
False
Does 111 divide 12321?
True
Does 32 divide 10021?
False
Does 7 divide 36690?
False
Is 8849 a multiple of 54?
False
Is 17 a factor of 1122?
True
Does 5 divide 935?
True
Does 28 divide 17383?
False
Does 19 divide 1368?
True
Is 15587 a multiple of 13?
True
Is 401 a multiple of 9?
False
Is 3852 a multiple of 58?
False
Is 1359 a multiple of 65?
False
Is 18 a factor of 1040?
False
Is 52 a factor of 572?
True
Is 546 a multiple of 19?
False
Is 102 a factor of 8364?
True
Does 6 divide 5231?
False
Is 8 a factor of 18734?
False
Does 12 divide 1126?
False
Is 4 a factor of 9308?
True
Does 107 divide 6099?
True
Does 21 divide 495?
False
Is 308 a multiple of 28?
True
Is 25 a factor of 106102?
False
Is 12 a factor of 1659?
False
Does 163 divide 152731?
True
Is 15270 a multiple of 306?
False
Is 138 a factor of 30912?
True
Is 6 a factor of 471?
False
Is 21 a factor of 10101?
True
Is 1442 a multiple of 42?
False
Is 23 a factor of 4601?
False
Is 166 a factor of 31208?
True
Does 128 divide 634?
False
Is 36 a factor of 7457?
False
Is 36 a factor of 3360?
False
Does 19 divide 1045?
True
Is 820 a multiple of 4?
True
Is 45 a factor of 585?
True
Is 206 a factor of 75948?
False
Is 18929 a multiple of 99?
False
Is 4 a factor of 13760?
True
Is 80 a multiple of 5?
True
Is 17135 a multiple of 23?
True
Is 47288 a multiple of 257?
True
Is 551 a multiple of 29?
True
Is 65 a factor of 42759?
False
Does 16 divide 1983?
False
Is 26 a factor of 832?
True
Is 1260 a multiple of 42?
True
Is 27 a factor of 9990?
True
Is 387 a multiple of 6?
False
Is 533 a multiple of 14?
False
Does 15 divide 1665?
True
Is 49 a factor of 369?
False
Is 130 a multiple of 65?
True
Is 10637 even?
False
Is 42 a factor of 1069?
False
Is 961 a multiple of 9?
False
Does 52 divide 3947?
False
Does 96 divide 1193?
False
Does 13 divide 3485?
False
Is 115 a factor of 16215?
True
Is 21315 a multiple of 87?
True
Does 5 divide 1343?
False
Is 1693 a multiple of 24?
False
Is 3 a factor of 1680?
True
Does 41 divide 1476?
True
Is 78 a factor of 44850?
True
Does 4 divide 42136?
True
Does 10 divide 430?
True
Is 7 a multiple of 7?
True
Does 6 divide 119?
False
Is 21 a factor of 1423?
False
Does 11 divide 550?
True
Is 4524 a multiple of 13?
True
Is 36 a factor of 7308?
True
Is 81 a factor of 18124?
False
Is 34 a factor of 7786?
True
Does 31 divide 21195?
False
Is 16027 a multiple of 11?
True
Does 72 divide 648?
True
Is 2416 a multiple of 26?
False
Is 5235 a multiple of 71?
False
Does 4 divide 2764?
True
Is 38 even?
True
Is 43 a factor of 1116?
False
Does 19 divide 1577?
True
Does 27 divide 1120?
False
Is 29 a factor of 70847?
True
Is 4213 a multiple of 72?
False
Does 26 divide 35960?
False
Is 29120 a multiple of 32?
True
Is 3122 a multiple of 15?
False
Is 51 a factor of 99909?
True
Is 5138 a multiple of 7?
True
Does 73 divide 22776?
True
Is 14 a factor of 2591?
False
Is 248 a multiple of 31?
True
Is 64 a factor of 6978?
False
Is 182 a multiple of 5?
False
Is 72 a factor of 1724?
False
Does 25 divide 9725?
True
Does 62 divide 33418?
True
Is 73 a factor of 2434?
False
Does 18 divide 1566?
True
Does 25 divide 4318?
False
Is 137 a factor of 5480?
True
Is 60 a factor of 1740?
True
Does 61 divide 1575?
False
Is 5 a factor of 1425?
True
Does 107 divide 618?
False
Does 6 divide 307?
False
Is 48503 a multiple of 91?
True
Does 14 divide 1400?
True
Is 17 a factor of 368?
False
Does 10 divide 31760?
True
Is 147 a factor of 12348?
True
Does 28 divide 23626?
False
Is 6259 a multiple of 11?
True
Is 55 a factor of 1013?
False
Does 37 divide 605?
False
Is 14 a factor of 10878?
True
Does 68 divide 321?
False
Is 26829 a multiple of 11?
True
Is 2320 a multiple of 116?
True
Does 87 divide 1104?
False
Does 39 divide 78?
True
Does 14 divide 3035?
False
Does 97 divide 3977?
True
Is 7931 a multiple of 198?
False
Does 18 divide 1361?
False
Is 1043 a multiple of 42?
False
Is 249 a multiple of 35?
False
Does 11 divide 163880?
False
Is 9 a factor of 99?
True
Does 14 divide 1680?
True
Is 12640 a multiple of 80?
True
Does 42 divide 11327?
False
Is 16 a factor of 345?
False
Is 5964 a multiple of 75?
False
Is 5 a factor of 409?
False
Does 22 divide 242?
True
Does 11 divide 220?
True
Is 431 a multiple of 5?
False
Is 32 a factor of 756?
False
Is 468 a multiple of 36?
True
Is 320 a multiple of 42?
False
Does 78 divide 45708?
True
Is 14 a factor of 302?
False
Is 18006 a multiple of 13?
False
Is 9 a factor of 765?
True
Is 770 a multiple of 12?
False
Does 33 divide 2904?
True
Is 14 a factor of 1398?
False
Does 5 divide 90?
True
Is 2691 a multiple of 69?
True
Is 35 a factor of 1295?
True
Does 71 divide 1405?
False
Is 207 a multiple of 7?
False
Is 6 a factor of 1558?
False
Is 134 a multiple of 2?
True
Is 212 a multiple of 2?
True
Does 79 divide 7742?
True
Does 10 divide 463?
False
Does 33 divide 495?
True
Does 3 divide 123?
True
Is 670 a multiple of 118?
False
Does 8 divide 136?
True
Is 6 a factor of 592?
False
Is 2517 a multiple of 33?
False
Is 129 a factor of 5989?
False
Is 14 a factor of 11827?
False
Does 3 divide 1054?
False
Is 463 a multiple of 37?
False
Is 5 a factor of 18974?
False
Is 62 a factor of 1038?
False
Is 24129 a multiple of 7?
True
Does 37 divide 37?
True
Is 2673 a multiple of 11?
True
Does 28 divide 11200?
True
Does 18 divide 100?
False
Is 1859 a multiple of 29?
False
Is 2842 a multiple of 58?
True
Is 32 a factor of 693?
False
Is 225 a factor of 37752?
False
Does 146 divide 11096?
True
Is 169 a multiple of 13?
True
Is 7 a factor of 168?
True
Is 271 a multiple of 11?
False
Is 149 a factor of 37238?
False
Is 316 a multiple of 79?
True
Is 12 a factor of 3240?
True
Does 157 divide 7850?
True
Is 8 a factor of 1377?
False
Is 30 a factor of 223050?
True
Is 34565 a multiple of 189?
False
Does 83 divide 3735?
True
Is 6860 a multiple of 33?
False
Is 12412 a multiple of 29